{"id":2009,"date":"2023-11-09T11:29:55","date_gmt":"2023-11-09T10:29:55","guid":{"rendered":"https:\/\/www.rezidenciaekel.sk\/?page_id=2009"},"modified":"2026-02-18T10:41:04","modified_gmt":"2026-02-18T09:41:04","slug":"hazak-kinalata","status":"publish","type":"page","link":"https:\/\/www.rezidenciaekel.sk\/index.php\/hu\/hazak-kinalata\/","title":{"rendered":"H\u00e1zak k\u00edn\u00e1lata"},"content":{"rendered":"<section class=\"wpb-content-wrapper\"><p>[vc_row full_width=&#8220;stretch_row_content&#8220; content_placement=&#8220;middle&#8220;][vc_column][vc_column_text]<div id=\"image-map-pro-4617\"><\/div>[\/vc_column_text][vc_row_inner content_placement=&#8220;middle&#8220; css=&#8220;.vc_custom_1697132788392{background-color: rgba(255,255,255,0.01) !important;*background-color: rgb(255,255,255) !important;}&#8220;][vc_column_inner][vc_column_text]<code class=\"el-tooltip copy\" tabindex=\"0\" title=\"Click to copy shortcode\" data-clipboard-text=\"\" aria-describedby=\"el-tooltip-1744\"><div id=\"footable_parent_2011\"\n         class=\" footable_parent ninja_table_wrapper loading_ninja_table wp_table_data_press_parent semantic_ui colored_table\">\n                <table data-ninja_table_instance=\"ninja_table_instance_0\" data-footable_id=\"2011\" data-filter-delay=\"1000\" aria-label=\"Tabulka domov magyar\"            id=\"footable_2011\"\n           data-unique_identifier=\"ninja_table_unique_id_816163919_2011\"\n           class=\" foo-table ninja_footable foo_table_2011 ninja_table_unique_id_816163919_2011 ui table  ninja_search_center nt_type_legacy_table selectable vertical_centered ninja_custom_color inverted footable-paging-center hide_all_borders ninja_table_search_disabled ninja_table_pro\">\n                <colgroup>\n                            <col class=\"ninja_column_0 xs sm\">\n                            <col class=\"ninja_column_1 \">\n                            <col class=\"ninja_column_2 \">\n                            <col class=\"ninja_column_3 xs sm\">\n                            <col class=\"ninja_column_4 \">\n                            <col class=\"ninja_column_5 \">\n                            <col class=\"ninja_column_6 xs\">\n                            <col class=\"ninja_column_7 \">\n                            <col class=\"ninja_column_8 \">\n                            <col class=\"ninja_column_9 \">\n                    <\/colgroup>\n        <thead>\n<tr class=\"footable-header\">\n                                                                                                                                                                        <th scope=\"col\"  class=\"ninja_column_0 ninja_clmn_nm_b xs sm\">H\u00e1zsz\u00e1m<\/th><th scope=\"col\"  class=\"ninja_column_1 ninja_clmn_nm_detail \">R\u00e9szlet<\/th><th scope=\"col\"  class=\"ninja_column_2 ninja_clmn_nm_izby \">Szob\u00e1k<\/th><th scope=\"col\"  class=\"ninja_column_3 ninja_clmn_nm_cena_euro xs sm\">Bels\u0151 ter\u00fclet<\/th><th scope=\"col\"  class=\"ninja_column_4 ninja_clmn_nm_vymera_pozemku \">F\u00f6ldter\u00fclet<\/th><th scope=\"col\"  class=\"ninja_column_5 ninja_clmn_nm_terasa \">Terasz<\/th><th scope=\"col\"  class=\"ninja_column_6 ninja_clmn_nm_balkon xs\">Erk\u00e9ly<\/th><th scope=\"col\"  class=\"ninja_column_7 ninja_clmn_nm_celkova_vymera \">Teljes ter\u00fclet<\/th><th scope=\"col\"  class=\"ninja_column_8 ninja_clmn_nm_cennikova_cena \">Teljes \u00e1r<\/th><th scope=\"col\"  class=\"ninja_column_9 ninja_clmn_nm_stav \">el\u00e9rhet\u0151s\u00e9g<\/th><\/tr>\n<\/thead>\n<tbody>\n\n        <tr data-row_id=\"2226\" class=\"ninja_table_row_0 nt_row_id_2226\">\n            <td>H\u00e1z \u201cA\u201c<\/td><td><a target=\"_blank\"  class=\"nt_btn nt_rounded_btn\" style=\"color: rgba(255, 255, 255, 1);background-color: rgba(187, 175, 117, 1);\" rel=\"\" href=\"https:\/\/www.rezidenciaekel.sk\/index.php\/hu\/haz-a\/\">h\u00e1z r\u00e9szlete<\/a><\/td><td>4<\/td><td>110,29 m2<\/td><td>94 m2<\/td><td>6,45 m2<\/td><td>6,45 m2<\/td><td>217,19 m2<\/td><td>-<\/td><td>Eladva<\/td>        <\/tr>\n            <tr data-row_id=\"2227\" class=\"ninja_table_row_1 nt_row_id_2227\">\n            <td>H\u00e1z \u201cB\u201c<\/td><td><a target=\"_blank\"  class=\"nt_btn nt_rounded_btn\" style=\"color: rgba(255, 255, 255, 1);background-color: rgba(187, 175, 117, 1);\" rel=\"\" href=\"https:\/\/www.rezidenciaekel.sk\/index.php\/hu\/haz-b\/\">h\u00e1z r\u00e9szlete<\/a><\/td><td>4<\/td><td>110,29 m2<\/td><td>43 m2<\/td><td>6,45 m2<\/td><td>6,45 m2<\/td><td>166,19 m2<\/td><td>172 628 \u20ac<\/td><td>Elad\u00f3<\/td>        <\/tr>\n            <tr data-row_id=\"2228\" class=\"ninja_table_row_2 nt_row_id_2228\">\n            <td>H\u00e1z \u201cC\u201c<\/td><td><a target=\"_blank\"  class=\"nt_btn nt_rounded_btn\" style=\"color: rgba(255, 255, 255, 1);background-color: rgba(187, 175, 117, 1);\" rel=\"\" href=\"https:\/\/www.rezidenciaekel.sk\/index.php\/hu\/haz-c\/\">h\u00e1z r\u00e9szlete<\/a><\/td><td>4<\/td><td>110,29 m2<\/td><td>43 m2<\/td><td>6,45 m2<\/td><td>6,45 m2<\/td><td>166,19 m2<\/td><td>172 628 \u20ac<\/td><td>Elad\u00f3<\/td>        <\/tr>\n            <tr data-row_id=\"2229\" class=\"ninja_table_row_3 nt_row_id_2229\">\n            <td>H\u00e1z \u201cD\u201c<\/td><td><a target=\"_blank\"  class=\"nt_btn nt_rounded_btn\" style=\"color: rgba(255, 255, 255, 1);background-color: rgba(187, 175, 117, 1);\" rel=\"\" href=\"https:\/\/www.rezidenciaekel.sk\/index.php\/hu\/haz-d\/\">h\u00e1z r\u00e9szlete<\/a><\/td><td>4<\/td><td>110,29 m2<\/td><td>43 m2<\/td><td>6,45 m2<\/td><td>6,45 m2<\/td><td>166,19 m2<\/td><td>172 628 \u20ac<\/td><td>Elad\u00f3<\/td>        <\/tr>\n            <tr data-row_id=\"2230\" class=\"ninja_table_row_4 nt_row_id_2230\">\n            <td>H\u00e1z \u201cE\u201c<\/td><td><a target=\"_blank\"  class=\"nt_btn nt_rounded_btn\" style=\"color: rgba(255, 255, 255, 1);background-color: rgba(187, 175, 117, 1);\" rel=\"\" href=\"https:\/\/www.rezidenciaekel.sk\/index.php\/hu\/haz-e\/\">h\u00e1z r\u00e9szlete<\/a><\/td><td>4<\/td><td>110,29 m2<\/td><td>43 m2<\/td><td>6,45 m2<\/td><td>6,45 m2<\/td><td>166,19 m2<\/td><td>172 628 \u20ac<\/td><td>Lefoglalva<\/td>        <\/tr>\n            <tr data-row_id=\"2231\" class=\"ninja_table_row_5 nt_row_id_2231\">\n            <td>H\u00e1z \u201cF\u201c<\/td><td><a target=\"_blank\"  class=\"nt_btn nt_rounded_btn\" style=\"color: rgba(255, 255, 255, 1);background-color: rgba(187, 175, 117, 1);\" rel=\"\" href=\"https:\/\/www.rezidenciaekel.sk\/index.php\/hu\/haz-f\/\">h\u00e1z r\u00e9szlete<\/a><\/td><td>4<\/td><td>110,29 m2<\/td><td>100 m2<\/td><td>6,45 m2<\/td><td>6,45 m2<\/td><td>223,19 m2<\/td><td>-<\/td><td>Eladva<\/td>        <\/tr>\n    <\/tbody><!--ninja_tobody_rendering_done-->\n    <\/table>\n                    <style type=\"text\/css\" id='ninja_table_custom_css_2011'>\n                        #footable_2011  {\n    font-family: sans-serif;\n    font-size: 16px;\n    }\n\n\n    #footable_2011 tbody tr td span.fooicon-plus:before {\n    background-color: rgba(134, 154, 165, 1) !important;\n    }\n    #footable_2011 tbody tr td span.fooicon-minus:before {\n    background-color: rgba(134, 154, 165, 1) !important;\n    }\n\n    #footable_2011 tbody tr:hover td span.fooicon-plus:before {\n    background-color: rgba(255, 255, 255, 1) !important;\n    }\n    #footable_2011 tbody tr:hover td span.fooicon-minus:before {\n    background-color: rgba(255, 255, 255, 1) !important;\n    }\n\n    #footable_2011 thead tr.footable-header th span::before {\n    background-color:  !important;\n    }\n    #footable_2011,\n    #footable_2011 table {\n    background-color:  !important;\n    color: rgba(134, 154, 165, 1) !important;\n    border-color:  !important;\n    }\n    #footable_2011 thead tr.footable-filtering th {\n    background-color:  !important;\n    color:  !important;\n    }\n    #footable_2011:not(.hide_all_borders) thead tr.footable-filtering th {\n            border : 1px solid transparent !important;\n        }\n    #footable_2011 .input-group-btn:last-child > .btn:not(:last-child):not(.dropdown-toggle) {\n    background-color:  !important;\n    color:  !important;\n    }\n    #footable_2011 tr.footable-header, #footable_2011 tr.footable-header th, .colored_table #footable_2011 table.ninja_table_pro.inverted.table.footable-details tbody tr th {\n    background-color:  !important;\n    color:  !important;\n    }\n    \n        #footable_2011 tbody tr:hover {\n    background-color:  !important;\n    color: rgba(255, 255, 255, 1) !important;\n    }\n    #footable_2011 tbody tr:hover td {\n    border-color:  !important;\n    }\n            #footable_2011 tbody tr:nth-child(even) {\n        background-color:  !important;\n        color:  !important;\n        }\n        #footable_2011 tbody tr:nth-child(odd) {\n        background-color:  !important;\n        color:  !important;\n        }\n        #footable_2011 tbody tr:nth-child(even):hover {\n        background-color: rgba(134, 154, 165, 1) !important;\n        }\n        #footable_2011 tbody tr:nth-child(odd):hover {\n        background-color: rgba(134, 154, 165, 1) !important;\n        }\n\n        #footable_2011 tbody tr:nth-child(even) td span.fooicon-plus:before {\n        background-color:  !important;\n        }\n        #footable_2011 tbody tr:nth-child(even) td span.fooicon-minus:before {\n        background-color:  !important;\n        }\n\n        #footable_2011 tbody tr:nth-child(odd) td span.fooicon-plus:before {\n        background-color:  !important;\n        }\n        #footable_2011 tbody tr:nth-child(odd) td span.fooicon-minus:before {\n        background-color:  !important;\n        }\n\n        #footable_2011 tbody tr:nth-child(even) tr:hover td span.fooicon-plus:before {\n        background-color:  !important;\n        }\n        #footable_2011 tbody tr:nth-child(even) tr:hover td span.fooicon-minus:before {\n        background-color:  !important;\n        }\n\n        #footable_2011 tbody tr:nth-child(odd) tr:hover td span.fooicon-plus:before {\n        background-color:  !important;\n        }\n        #footable_2011 tbody tr:nth-child(odd) tr:hover td span.fooicon-minus:before {\n        background-color:  !important;\n        }\n    \n    #footable_2011 tfoot .footable-paging {\n    background-color:  !important;\n    }\n    #footable_2011 tfoot .footable-paging .footable-page.active a {\n    background-color:  !important;\n    }\n    #footable_2011:not(.hide_all_borders) tfoot tr.footable-paging td {\n    border-color:  !important;\n    }\n                    #footable_2011.ninja_footable.ninja_table_pro tbody tr.nt_row_id_2226 {\n        background: rgba(255, 216, 216, 1)!important;        }\n                                #footable_2011.ninja_footable.ninja_table_pro tbody tr.nt_row_id_2226 .ninja_clmn_nm_stav {\n                            background-color : rgba(206, 164, 140, 1);                        }\n            #footable_2011.ninja_footable.ninja_table_pro tbody tr.nt_row_id_2226 .ninja_clmn_nm_stav > * { color: inherit }\n                            #footable_2011.ninja_footable.ninja_table_pro tbody tr.nt_row_id_2230 {\n        background: !important;        }\n                                #footable_2011.ninja_footable.ninja_table_pro tbody tr.nt_row_id_2230 .ninja_clmn_nm_stav {\n                            background-color : rgba(217, 208, 199, 1);                        }\n            #footable_2011.ninja_footable.ninja_table_pro tbody tr.nt_row_id_2230 .ninja_clmn_nm_stav > * { color: inherit }\n                            #footable_2011.ninja_footable.ninja_table_pro tbody tr.nt_row_id_2231 {\n        background: rgba(255, 216, 216, 1)!important;        }\n                                #footable_2011.ninja_footable.ninja_table_pro tbody tr.nt_row_id_2231 .ninja_clmn_nm_stav {\n                            background-color : rgba(206, 164, 140, 1);                        }\n            #footable_2011.ninja_footable.ninja_table_pro tbody tr.nt_row_id_2231 .ninja_clmn_nm_stav > * { color: inherit }\n            \n#footable_parent_2011 {\n\n  height: 700px;\n  \n \/* Write More css properties if you want *\/\n}#footable_2011 td.ninja_column_0 { text-align: center; }#footable_2011 th.ninja_column_0 { text-align: center; }#footable_2011 td.ninja_column_1 { text-align: center; }#footable_2011 th.ninja_column_1 { text-align: center; }#footable_2011 td.ninja_column_2 { text-align: center; }#footable_2011 th.ninja_column_2 { text-align: center; }#footable_2011 td.ninja_column_3 { text-align: center; }#footable_2011 th.ninja_column_3 { text-align: center; }#footable_2011 td.ninja_column_4 { text-align: center; }#footable_2011 th.ninja_column_4 { text-align: center; }#footable_2011 td.ninja_column_5 { text-align: center; }#footable_2011 th.ninja_column_5 { text-align: center; }#footable_2011 td.ninja_column_6 { text-align: center; }#footable_2011 th.ninja_column_6 { text-align: center; }#footable_2011 td.ninja_column_7 { text-align: center; }#footable_2011 th.ninja_column_7 { text-align: center; }#footable_2011 td.ninja_column_8 { text-align: center; }#footable_2011 th.ninja_column_8 { text-align: center; }#footable_2011 td.ninja_column_9 { text-align: center; }#footable_2011 th.ninja_column_9 { text-align: center; }#footable_2011 thead tr th.ninja_column_9,#footable_2011 tbody tr td.ninja_column_9{ color: rgba(255, 255, 255, 1); }                <\/style>\n                \n    \n    \n<\/div>\n<\/code>[\/vc_column_text][\/vc_column_inner][\/vc_row_inner][\/vc_column][\/vc_row][vc_row full_width=&#8220;stretch_row&#8220; gap=&#8220;35&#8243; content_placement=&#8220;middle&#8220; css=&#8220;.vc_custom_1697137651985{background-color: #869aa5 !important;}&#8220;][vc_column width=&#8220;1\/4&#8243;][\/vc_column][vc_column width=&#8220;1\/4&#8243;][vc_empty_space height=&#8220;100&#8243;][vc_single_image image=&#8220;2214&#8243; img_size=&#8220;medium&#8220; alignment=&#8220;center&#8220;][vc_column_text]<\/p>\n<h3 style=\"text-align: center;\"><span style=\"color: #ffffff;\"><strong>MAKL\u00c9R PREDAJA PROJEKTU<\/strong><\/span><\/h3>\n<p>&nbsp;<\/p>\n<h4 style=\"text-align: center;\"><span style=\"color: #ffffff;\">Mgr. Katar\u00edna Szab\u00f3ov\u00e1<\/span><\/h4>\n<h4 style=\"text-align: center;\"><span style=\"color: #ffffff;\">info@bfreality.sk<\/span><\/h4>\n<h4 style=\"text-align: center;\"><span style=\"color: #ffffff;\">tel.: +421 948 623 651<\/span><\/h4>\n<p>[\/vc_column_text][vc_empty_space height=&#8220;100&#8243;][\/vc_column][vc_column width=&#8220;1\/4&#8243;][vc_empty_space height=&#8220;100&#8243;][vc_single_image image=&#8220;1730&#8243; img_size=&#8220;medium&#8220; alignment=&#8220;center&#8220;][vc_empty_space height=&#8220;100&#8243;][\/vc_column][vc_column width=&#8220;1\/4&#8243;][\/vc_column][\/vc_row]<\/p>\n<\/section>","protected":false},"excerpt":{"rendered":"<p>[vc_row full_width=&#8220;stretch_row_content&#8220; content_placement=&#8220;middle&#8220;][vc_column][vc_column_text][\/vc_column_text][vc_row_inner content_placement=&#8220;middle&#8220; css=&#8220;.vc_custom_1697132788392{background-color: rgba(255,255,255,0.01) !important;*background-color: rgb(255,255,255) !important;}&#8220;][vc_column_inner][vc_column_text][\/vc_column_text][\/vc_column_inner][\/vc_row_inner][\/vc_column][\/vc_row][vc_row full_width=&#8220;stretch_row&#8220; gap=&#8220;35&#8243; content_placement=&#8220;middle&#8220; css=&#8220;.vc_custom_1697137651985{background-color: #869aa5 !important;}&#8220;][vc_column width=&#8220;1\/4&#8243;][\/vc_column][vc_column width=&#8220;1\/4&#8243;][vc_empty_space height=&#8220;100&#8243;][vc_single_image image=&#8220;2214&#8243; img_size=&#8220;medium&#8220; alignment=&#8220;center&#8220;][vc_column_text] MAKL\u00c9R PREDAJA PROJEKTU &nbsp; Mgr. Katar\u00edna Szab\u00f3ov\u00e1 info@bfreality.sk tel.: +421 948 623 651 [\/vc_column_text][vc_empty_space height=&#8220;100&#8243;][\/vc_column][vc_column width=&#8220;1\/4&#8243;][vc_empty_space height=&#8220;100&#8243;][vc_single_image image=&#8220;1730&#8243; img_size=&#8220;medium&#8220; alignment=&#8220;center&#8220;][vc_empty_space height=&#8220;100&#8243;][\/vc_column][vc_column width=&#8220;1\/4&#8243;][\/vc_column][\/vc_row]<\/p>\n","protected":false},"author":1,"featured_media":0,"parent":0,"menu_order":0,"comment_status":"closed","ping_status":"closed","template":"","meta":{"content-type":"","footnotes":""},"class_list":["post-2009","page","type-page","status-publish","hentry"],"acf":[],"yoast_head":"<!-- This site is optimized with the Yoast SEO plugin v21.4 - https:\/\/yoast.com\/wordpress\/plugins\/seo\/ -->\n<title>H\u00e1zak k\u00edn\u00e1lata - Rezidencia Ekel<\/title>\n<meta name=\"robots\" content=\"index, follow, max-snippet:-1, max-image-preview:large, max-video-preview:-1\" \/>\n<link rel=\"canonical\" href=\"https:\/\/www.rezidenciaekel.sk\/index.php\/hu\/hazak-kinalata\/\" \/>\n<meta property=\"og:locale\" content=\"sk_SK\" \/>\n<meta property=\"og:type\" content=\"article\" \/>\n<meta property=\"og:title\" content=\"H\u00e1zak k\u00edn\u00e1lata - Rezidencia Ekel\" \/>\n<meta property=\"og:description\" content=\"[vc_row full_width=&#8220;stretch_row_content&#8220; content_placement=&#8220;middle&#8220;][vc_column][vc_column_text][\/vc_column_text][vc_row_inner content_placement=&#8220;middle&#8220; css=&#8220;.vc_custom_1697132788392{background-color: rgba(255,255,255,0.01) !important;*background-color: rgb(255,255,255) !important;}&#8220;][vc_column_inner][vc_column_text][\/vc_column_text][\/vc_column_inner][\/vc_row_inner][\/vc_column][\/vc_row][vc_row full_width=&#8220;stretch_row&#8220; gap=&#8220;35&#8243; content_placement=&#8220;middle&#8220; css=&#8220;.vc_custom_1697137651985{background-color: #869aa5 !important;}&#8220;][vc_column width=&#8220;1\/4&#8243;][\/vc_column][vc_column width=&#8220;1\/4&#8243;][vc_empty_space height=&#8220;100&#8243;][vc_single_image image=&#8220;2214&#8243; img_size=&#8220;medium&#8220; alignment=&#8220;center&#8220;][vc_column_text] MAKL\u00c9R PREDAJA PROJEKTU &nbsp; Mgr. Katar\u00edna Szab\u00f3ov\u00e1 info@bfreality.sk tel.: +421 948 623 651 [\/vc_column_text][vc_empty_space height=&#8220;100&#8243;][\/vc_column][vc_column width=&#8220;1\/4&#8243;][vc_empty_space height=&#8220;100&#8243;][vc_single_image image=&#8220;1730&#8243; img_size=&#8220;medium&#8220; alignment=&#8220;center&#8220;][vc_empty_space height=&#8220;100&#8243;][\/vc_column][vc_column width=&#8220;1\/4&#8243;][\/vc_column][\/vc_row]\" \/>\n<meta property=\"og:url\" content=\"https:\/\/www.rezidenciaekel.sk\/index.php\/hu\/hazak-kinalata\/\" \/>\n<meta property=\"og:site_name\" content=\"Rezidencia Ekel\" \/>\n<meta property=\"article:modified_time\" content=\"2026-02-18T09:41:04+00:00\" \/>\n<meta name=\"twitter:card\" content=\"summary_large_image\" \/>\n<meta name=\"twitter:label1\" content=\"Predpokladan\u00fd \u010das \u010d\u00edtania\" \/>\n\t<meta name=\"twitter:data1\" content=\"1 min\u00fata\" \/>\n<script type=\"application\/ld+json\" class=\"yoast-schema-graph\">{\"@context\":\"https:\/\/schema.org\",\"@graph\":[{\"@type\":\"WebPage\",\"@id\":\"https:\/\/www.rezidenciaekel.sk\/index.php\/hu\/hazak-kinalata\/\",\"url\":\"https:\/\/www.rezidenciaekel.sk\/index.php\/hu\/hazak-kinalata\/\",\"name\":\"H\u00e1zak k\u00edn\u00e1lata - Rezidencia Ekel\",\"isPartOf\":{\"@id\":\"https:\/\/www.rezidenciaekel.sk\/#website\"},\"datePublished\":\"2023-11-09T10:29:55+00:00\",\"dateModified\":\"2026-02-18T09:41:04+00:00\",\"breadcrumb\":{\"@id\":\"https:\/\/www.rezidenciaekel.sk\/index.php\/hu\/hazak-kinalata\/#breadcrumb\"},\"inLanguage\":\"sk-SK\",\"potentialAction\":[{\"@type\":\"ReadAction\",\"target\":[\"https:\/\/www.rezidenciaekel.sk\/index.php\/hu\/hazak-kinalata\/\"]}]},{\"@type\":\"BreadcrumbList\",\"@id\":\"https:\/\/www.rezidenciaekel.sk\/index.php\/hu\/hazak-kinalata\/#breadcrumb\",\"itemListElement\":[{\"@type\":\"ListItem\",\"position\":1,\"name\":\"Home\",\"item\":\"https:\/\/www.rezidenciaekel.sk\/\"},{\"@type\":\"ListItem\",\"position\":2,\"name\":\"H\u00e1zak k\u00edn\u00e1lata\"}]},{\"@type\":\"WebSite\",\"@id\":\"https:\/\/www.rezidenciaekel.sk\/#website\",\"url\":\"https:\/\/www.rezidenciaekel.sk\/\",\"name\":\"Rezidencia Ekel\",\"description\":\"\",\"potentialAction\":[{\"@type\":\"SearchAction\",\"target\":{\"@type\":\"EntryPoint\",\"urlTemplate\":\"https:\/\/www.rezidenciaekel.sk\/?s={search_term_string}\"},\"query-input\":\"required name=search_term_string\"}],\"inLanguage\":\"sk-SK\"}]}<\/script>\n<!-- \/ Yoast SEO plugin. -->","yoast_head_json":{"title":"H\u00e1zak k\u00edn\u00e1lata - Rezidencia Ekel","robots":{"index":"index","follow":"follow","max-snippet":"max-snippet:-1","max-image-preview":"max-image-preview:large","max-video-preview":"max-video-preview:-1"},"canonical":"https:\/\/www.rezidenciaekel.sk\/index.php\/hu\/hazak-kinalata\/","og_locale":"sk_SK","og_type":"article","og_title":"H\u00e1zak k\u00edn\u00e1lata - Rezidencia Ekel","og_description":"[vc_row full_width=&#8220;stretch_row_content&#8220; content_placement=&#8220;middle&#8220;][vc_column][vc_column_text][\/vc_column_text][vc_row_inner content_placement=&#8220;middle&#8220; css=&#8220;.vc_custom_1697132788392{background-color: rgba(255,255,255,0.01) !important;*background-color: rgb(255,255,255) !important;}&#8220;][vc_column_inner][vc_column_text][\/vc_column_text][\/vc_column_inner][\/vc_row_inner][\/vc_column][\/vc_row][vc_row full_width=&#8220;stretch_row&#8220; gap=&#8220;35&#8243; content_placement=&#8220;middle&#8220; css=&#8220;.vc_custom_1697137651985{background-color: #869aa5 !important;}&#8220;][vc_column width=&#8220;1\/4&#8243;][\/vc_column][vc_column width=&#8220;1\/4&#8243;][vc_empty_space height=&#8220;100&#8243;][vc_single_image image=&#8220;2214&#8243; img_size=&#8220;medium&#8220; alignment=&#8220;center&#8220;][vc_column_text] MAKL\u00c9R PREDAJA PROJEKTU &nbsp; Mgr. Katar\u00edna Szab\u00f3ov\u00e1 info@bfreality.sk tel.: +421 948 623 651 [\/vc_column_text][vc_empty_space height=&#8220;100&#8243;][\/vc_column][vc_column width=&#8220;1\/4&#8243;][vc_empty_space height=&#8220;100&#8243;][vc_single_image image=&#8220;1730&#8243; img_size=&#8220;medium&#8220; alignment=&#8220;center&#8220;][vc_empty_space height=&#8220;100&#8243;][\/vc_column][vc_column width=&#8220;1\/4&#8243;][\/vc_column][\/vc_row]","og_url":"https:\/\/www.rezidenciaekel.sk\/index.php\/hu\/hazak-kinalata\/","og_site_name":"Rezidencia Ekel","article_modified_time":"2026-02-18T09:41:04+00:00","twitter_card":"summary_large_image","twitter_misc":{"Predpokladan\u00fd \u010das \u010d\u00edtania":"1 min\u00fata"},"schema":{"@context":"https:\/\/schema.org","@graph":[{"@type":"WebPage","@id":"https:\/\/www.rezidenciaekel.sk\/index.php\/hu\/hazak-kinalata\/","url":"https:\/\/www.rezidenciaekel.sk\/index.php\/hu\/hazak-kinalata\/","name":"H\u00e1zak k\u00edn\u00e1lata - Rezidencia Ekel","isPartOf":{"@id":"https:\/\/www.rezidenciaekel.sk\/#website"},"datePublished":"2023-11-09T10:29:55+00:00","dateModified":"2026-02-18T09:41:04+00:00","breadcrumb":{"@id":"https:\/\/www.rezidenciaekel.sk\/index.php\/hu\/hazak-kinalata\/#breadcrumb"},"inLanguage":"sk-SK","potentialAction":[{"@type":"ReadAction","target":["https:\/\/www.rezidenciaekel.sk\/index.php\/hu\/hazak-kinalata\/"]}]},{"@type":"BreadcrumbList","@id":"https:\/\/www.rezidenciaekel.sk\/index.php\/hu\/hazak-kinalata\/#breadcrumb","itemListElement":[{"@type":"ListItem","position":1,"name":"Home","item":"https:\/\/www.rezidenciaekel.sk\/"},{"@type":"ListItem","position":2,"name":"H\u00e1zak k\u00edn\u00e1lata"}]},{"@type":"WebSite","@id":"https:\/\/www.rezidenciaekel.sk\/#website","url":"https:\/\/www.rezidenciaekel.sk\/","name":"Rezidencia Ekel","description":"","potentialAction":[{"@type":"SearchAction","target":{"@type":"EntryPoint","urlTemplate":"https:\/\/www.rezidenciaekel.sk\/?s={search_term_string}"},"query-input":"required name=search_term_string"}],"inLanguage":"sk-SK"}]}},"_links":{"self":[{"href":"https:\/\/www.rezidenciaekel.sk\/index.php\/wp-json\/wp\/v2\/pages\/2009","targetHints":{"allow":["GET"]}}],"collection":[{"href":"https:\/\/www.rezidenciaekel.sk\/index.php\/wp-json\/wp\/v2\/pages"}],"about":[{"href":"https:\/\/www.rezidenciaekel.sk\/index.php\/wp-json\/wp\/v2\/types\/page"}],"author":[{"embeddable":true,"href":"https:\/\/www.rezidenciaekel.sk\/index.php\/wp-json\/wp\/v2\/users\/1"}],"replies":[{"embeddable":true,"href":"https:\/\/www.rezidenciaekel.sk\/index.php\/wp-json\/wp\/v2\/comments?post=2009"}],"version-history":[{"count":4,"href":"https:\/\/www.rezidenciaekel.sk\/index.php\/wp-json\/wp\/v2\/pages\/2009\/revisions"}],"predecessor-version":[{"id":2275,"href":"https:\/\/www.rezidenciaekel.sk\/index.php\/wp-json\/wp\/v2\/pages\/2009\/revisions\/2275"}],"wp:attachment":[{"href":"https:\/\/www.rezidenciaekel.sk\/index.php\/wp-json\/wp\/v2\/media?parent=2009"}],"curies":[{"name":"wp","href":"https:\/\/api.w.org\/{rel}","templated":true}]}}