{"id":218,"date":"2022-12-20T10:32:19","date_gmt":"2022-12-20T09:32:19","guid":{"rendered":"https:\/\/www.rezidenciaekel.sk\/?page_id=218"},"modified":"2026-02-18T10:45:22","modified_gmt":"2026-02-18T09:45:22","slug":"ponuka-parkovania","status":"publish","type":"page","link":"https:\/\/www.rezidenciaekel.sk\/index.php\/ponuka-parkovania\/","title":{"rendered":"Ponuka parkovania"},"content":{"rendered":"<section class=\"wpb-content-wrapper\"><p>[vc_row full_width=&#8220;stretch_row_content&#8220;][vc_column][vc_column_text]<div id=\"image-map-pro-4546\"><\/div>[\/vc_column_text][\/vc_column][\/vc_row][vc_row full_width=&#8220;stretch_row&#8220; gap=&#8220;35&#8243;][vc_column][vc_column_text]<code class=\"el-tooltip copy\" tabindex=\"0\" title=\"Click to copy shortcode\" data-clipboard-text=\"\" aria-describedby=\"el-tooltip-3475\"><div id=\"footable_parent_731\"\n         class=\" footable_parent ninja_table_wrapper loading_ninja_table wp_table_data_press_parent semantic_ui colored_table\">\n                <table data-ninja_table_instance=\"ninja_table_instance_0\" data-footable_id=\"731\" data-filter-delay=\"1000\" aria-label=\"Parkovanie\"            id=\"footable_731\"\n           data-unique_identifier=\"ninja_table_unique_id_529717516_731\"\n           class=\" foo-table ninja_footable foo_table_731 ninja_table_unique_id_529717516_731 ui table  ninja_search_center nt_type_legacy_table selectable vertical_centered ninja_custom_color inverted footable-paging-center hide_all_borders ninja_table_search_disabled ninja_table_pro\">\n                <colgroup>\n                            <col class=\"ninja_column_0 \">\n                            <col class=\"ninja_column_1 \">\n                            <col class=\"ninja_column_2 \">\n                            <col class=\"ninja_column_3 \">\n                            <col class=\"ninja_column_4 \">\n                    <\/colgroup>\n        <thead>\n<tr class=\"footable-header\">\n                                                                                        <th scope=\"col\"  class=\"ninja_column_0 ninja_clmn_nm_a \">\u010c\u00edslo<\/th><th scope=\"col\"  class=\"ninja_column_1 ninja_clmn_nm_dispozicia_bytu \">V\u00fdmera m2<\/th><th scope=\"col\"  class=\"ninja_column_2 ninja_clmn_nm_b \">Rozmery d x s m<\/th><th scope=\"col\"  class=\"ninja_column_3 ninja_clmn_nm_cena_euro \">Cena s DPH<\/th><th scope=\"col\"  class=\"ninja_column_4 ninja_clmn_nm_stav \">Stav<\/th><\/tr>\n<\/thead>\n<tbody>\n\n        <tr data-row_id=\"2203\" class=\"ninja_table_row_0 nt_row_id_2203\">\n            <td>P1<\/td><td>13,75<\/td><td>5.50 x 2.50<\/td><td>2 700,00 \u20ac<\/td><td>Vo\u013en\u00e9<\/td>        <\/tr>\n            <tr data-row_id=\"2204\" class=\"ninja_table_row_1 nt_row_id_2204\">\n            <td>P2<\/td><td>13,75<\/td><td>5.50 x 2.50<\/td><td>2 700,00 \u20ac<\/td><td>Vo\u013en\u00e9<\/td>        <\/tr>\n            <tr data-row_id=\"2205\" class=\"ninja_table_row_2 nt_row_id_2205\">\n            <td>P3<\/td><td>13,75<\/td><td>5.50 x 2.50<\/td><td>2 700,00 \u20ac<\/td><td>Vo\u013en\u00e9<\/td>        <\/tr>\n            <tr data-row_id=\"2206\" class=\"ninja_table_row_3 nt_row_id_2206\">\n            <td>P4<\/td><td>13,75<\/td><td>5.50 x 2.50<\/td><td>2 700,00 \u20ac<\/td><td>Vo\u013en\u00e9<\/td>        <\/tr>\n            <tr data-row_id=\"2207\" class=\"ninja_table_row_4 nt_row_id_2207\">\n            <td>P5<\/td><td>13,75<\/td><td>5.50 x 2.50<\/td><td>2 700,00 \u20ac<\/td><td>Vo\u013en\u00e9<\/td>        <\/tr>\n            <tr data-row_id=\"2208\" class=\"ninja_table_row_5 nt_row_id_2208\">\n            <td>P6<\/td><td>13,75<\/td><td>5.50 x 2.50<\/td><td>2 700,00 \u20ac<\/td><td>Vo\u013en\u00e9<\/td>        <\/tr>\n            <tr data-row_id=\"2209\" class=\"ninja_table_row_6 nt_row_id_2209\">\n            <td>P7<\/td><td>13,75<\/td><td>5.50 x 2.50<\/td><td>2 700,00 \u20ac<\/td><td>Vo\u013en\u00e9<\/td>        <\/tr>\n            <tr data-row_id=\"2210\" class=\"ninja_table_row_7 nt_row_id_2210\">\n            <td>P8<\/td><td>13,75<\/td><td>5.50 x 2.50<\/td><td>2 700,00 \u20ac<\/td><td>Vo\u013en\u00e9<\/td>        <\/tr>\n            <tr data-row_id=\"2211\" class=\"ninja_table_row_8 nt_row_id_2211\">\n            <td>P9<\/td><td>13,75<\/td><td>5.50 x 2.50<\/td><td>2 700,00 \u20ac<\/td><td>Vo\u013en\u00e9<\/td>        <\/tr>\n            <tr data-row_id=\"2212\" class=\"ninja_table_row_9 nt_row_id_2212\">\n            <td>P10<\/td><td>13,75<\/td><td>5.50 x 2.50<\/td><td>2 700,00 \u20ac<\/td><td>Vo\u013en\u00e9<\/td>        <\/tr>\n            <tr data-row_id=\"2213\" class=\"ninja_table_row_10 nt_row_id_2213\">\n            <td>P11<\/td><td>15,13<\/td><td>5.50 x 2.75<\/td><td>2 900,00 \u20ac<\/td><td>Vo\u013en\u00e9<\/td>        <\/tr>\n            <tr data-row_id=\"2214\" class=\"ninja_table_row_11 nt_row_id_2214\">\n            <td>P12<\/td><td>15,13<\/td><td>5.50 x 2.75<\/td><td>2 900,00 \u20ac<\/td><td>Vo\u013en\u00e9<\/td>        <\/tr>\n            <tr data-row_id=\"2215\" class=\"ninja_table_row_12 nt_row_id_2215\">\n            <td>P13<\/td><td>13,75<\/td><td>5.50 x 2.50<\/td><td>2 700,00 \u20ac<\/td><td>Vo\u013en\u00e9<\/td>        <\/tr>\n            <tr data-row_id=\"2216\" class=\"ninja_table_row_13 nt_row_id_2216\">\n            <td>P14<\/td><td>13,75<\/td><td>5.50 x 2.50<\/td><td>2 700,00 \u20ac<\/td><td>Vo\u013en\u00e9<\/td>        <\/tr>\n            <tr data-row_id=\"2217\" class=\"ninja_table_row_14 nt_row_id_2217\">\n            <td>P15<\/td><td>13,75<\/td><td>5.50 x 2.50<\/td><td>2 700,00 \u20ac<\/td><td>Vo\u013en\u00e9<\/td>        <\/tr>\n            <tr data-row_id=\"2218\" class=\"ninja_table_row_15 nt_row_id_2218\">\n            <td>P16<\/td><td>13,75<\/td><td>5.50 x 2..50<\/td><td>2 700,00 \u20ac<\/td><td>Vo\u013en\u00e9<\/td>        <\/tr>\n            <tr data-row_id=\"2219\" class=\"ninja_table_row_16 nt_row_id_2219\">\n            <td>P17<\/td><td>15,13<\/td><td>5.50 x 2.75<\/td><td>2 900,00 \u20ac<\/td><td>Vo\u013en\u00e9<\/td>        <\/tr>\n    <\/tbody><!--ninja_tobody_rendering_done-->\n    <\/table>\n                    <style type=\"text\/css\" id='ninja_table_custom_css_731'>\n                        #footable_731  {\n    font-family: sans-serif;\n    font-size: 16px;\n    }\n\n\n    #footable_731 tbody tr td span.fooicon-plus:before {\n    background-color: rgba(134, 154, 165, 1) !important;\n    }\n    #footable_731 tbody tr td span.fooicon-minus:before {\n    background-color: rgba(134, 154, 165, 1) !important;\n    }\n\n    #footable_731 tbody tr:hover td span.fooicon-plus:before {\n    background-color:  !important;\n    }\n    #footable_731 tbody tr:hover td span.fooicon-minus:before {\n    background-color:  !important;\n    }\n\n    #footable_731 thead tr.footable-header th span::before {\n    background-color:  !important;\n    }\n    #footable_731,\n    #footable_731 table {\n    background-color:  !important;\n    color: rgba(134, 154, 165, 1) !important;\n    border-color:  !important;\n    }\n    #footable_731 thead tr.footable-filtering th {\n    background-color:  !important;\n    color:  !important;\n    }\n    #footable_731:not(.hide_all_borders) thead tr.footable-filtering th {\n            border : 1px solid transparent !important;\n        }\n    #footable_731 .input-group-btn:last-child > .btn:not(:last-child):not(.dropdown-toggle) {\n    background-color:  !important;\n    color:  !important;\n    }\n    #footable_731 tr.footable-header, #footable_731 tr.footable-header th, .colored_table #footable_731 table.ninja_table_pro.inverted.table.footable-details tbody tr th {\n    background-color:  !important;\n    color:  !important;\n    }\n    \n        #footable_731 tbody tr:hover {\n    background-color:  !important;\n    color:  !important;\n    }\n    #footable_731 tbody tr:hover td {\n    border-color:  !important;\n    }\n            #footable_731 tbody tr:nth-child(even) {\n        background-color:  !important;\n        color:  !important;\n        }\n        #footable_731 tbody tr:nth-child(odd) {\n        background-color:  !important;\n        color:  !important;\n        }\n        #footable_731 tbody tr:nth-child(even):hover {\n        background-color: rgba(134, 154, 165, 1) !important;\n        }\n        #footable_731 tbody tr:nth-child(odd):hover {\n        background-color: rgba(134, 154, 165, 1) !important;\n        }\n\n        #footable_731 tbody tr:nth-child(even) td span.fooicon-plus:before {\n        background-color:  !important;\n        }\n        #footable_731 tbody tr:nth-child(even) td span.fooicon-minus:before {\n        background-color:  !important;\n        }\n\n        #footable_731 tbody tr:nth-child(odd) td span.fooicon-plus:before {\n        background-color:  !important;\n        }\n        #footable_731 tbody tr:nth-child(odd) td span.fooicon-minus:before {\n        background-color:  !important;\n        }\n\n        #footable_731 tbody tr:nth-child(even) tr:hover td span.fooicon-plus:before {\n        background-color:  !important;\n        }\n        #footable_731 tbody tr:nth-child(even) tr:hover td span.fooicon-minus:before {\n        background-color:  !important;\n        }\n\n        #footable_731 tbody tr:nth-child(odd) tr:hover td span.fooicon-plus:before {\n        background-color:  !important;\n        }\n        #footable_731 tbody tr:nth-child(odd) tr:hover td span.fooicon-minus:before {\n        background-color:  !important;\n        }\n    \n    #footable_731 tfoot .footable-paging {\n    background-color:  !important;\n    }\n    #footable_731 tfoot .footable-paging .footable-page.active a {\n    background-color:  !important;\n    }\n    #footable_731:not(.hide_all_borders) tfoot tr.footable-paging td {\n    border-color:  !important;\n    }\n    \n#footable_parent_731 {\n\n  height: 1050px;\n \/* Write More css properties if you want *\/\n}#footable_731 td.ninja_column_0 { text-align: center; }#footable_731 th.ninja_column_0 { text-align: center; }#footable_731 td.ninja_column_1 { text-align: center; }#footable_731 th.ninja_column_1 { text-align: center; }#footable_731 td.ninja_column_2 { text-align: center; }#footable_731 th.ninja_column_2 { text-align: center; }#footable_731 td.ninja_column_3 { text-align: center; }#footable_731 th.ninja_column_3 { text-align: center; }#footable_731 td.ninja_column_4 { text-align: center; }#footable_731 th.ninja_column_4 { text-align: center; }#footable_731 thead tr th.ninja_column_4,#footable_731 tbody tr td.ninja_column_4{ color: rgba(255, 255, 255, 1); }                <\/style>\n                \n    \n    \n<\/div>\n<\/code>[\/vc_column_text][\/vc_column][\/vc_row][vc_row full_width=&#8220;stretch_row&#8220; gap=&#8220;35&#8243; content_placement=&#8220;middle&#8220; css=&#8220;.vc_custom_1697139369909{background-color: #869aa5 !important;}&#8220;][vc_column width=&#8220;1\/4&#8243;][\/vc_column][vc_column width=&#8220;1\/4&#8243;][vc_empty_space height=&#8220;100&#8243;][vc_single_image image=&#8220;2212&#8243; img_size=&#8220;medium&#8220; alignment=&#8220;center&#8220;][vc_column_text]<\/p>\n<h3 style=\"text-align: center;\"><span style=\"color: #ffffff;\"><strong>MAKL\u00c9R PREDAJA PROJEKTU<\/strong><\/span><\/h3>\n<p>&nbsp;<\/p>\n<h4 style=\"text-align: center;\"><span style=\"color: #ffffff;\">Mgr. Katar\u00edna Szab\u00f3ov\u00e1<\/span><\/h4>\n<h4 style=\"text-align: center;\"><span style=\"color: #ffffff;\">info@bfreality.sk<\/span><\/h4>\n<h4 style=\"text-align: center;\"><span style=\"color: #ffffff;\">tel.: +421 948 623 651<\/span><\/h4>\n<p>[\/vc_column_text][vc_empty_space height=&#8220;100&#8243;][\/vc_column][vc_column width=&#8220;1\/4&#8243;][vc_empty_space height=&#8220;100&#8243;][vc_single_image image=&#8220;1730&#8243; img_size=&#8220;medium&#8220; alignment=&#8220;center&#8220;][vc_empty_space height=&#8220;100&#8243;][\/vc_column][vc_column width=&#8220;1\/4&#8243;][\/vc_column][\/vc_row]<\/p>\n<\/section>","protected":false},"excerpt":{"rendered":"<p>[vc_row full_width=&#8220;stretch_row_content&#8220;][vc_column][vc_column_text][\/vc_column_text][\/vc_column][\/vc_row][vc_row full_width=&#8220;stretch_row&#8220; gap=&#8220;35&#8243;][vc_column][vc_column_text][\/vc_column_text][\/vc_column][\/vc_row][vc_row full_width=&#8220;stretch_row&#8220; gap=&#8220;35&#8243; content_placement=&#8220;middle&#8220; css=&#8220;.vc_custom_1697139369909{background-color: #869aa5 !important;}&#8220;][vc_column width=&#8220;1\/4&#8243;][\/vc_column][vc_column width=&#8220;1\/4&#8243;][vc_empty_space height=&#8220;100&#8243;][vc_single_image image=&#8220;2212&#8243; img_size=&#8220;medium&#8220; alignment=&#8220;center&#8220;][vc_column_text] MAKL\u00c9R PREDAJA PROJEKTU &nbsp; Mgr. Katar\u00edna Szab\u00f3ov\u00e1 info@bfreality.sk tel.: +421 948 623 651 [\/vc_column_text][vc_empty_space height=&#8220;100&#8243;][\/vc_column][vc_column width=&#8220;1\/4&#8243;][vc_empty_space height=&#8220;100&#8243;][vc_single_image image=&#8220;1730&#8243; img_size=&#8220;medium&#8220; alignment=&#8220;center&#8220;][vc_empty_space height=&#8220;100&#8243;][\/vc_column][vc_column width=&#8220;1\/4&#8243;][\/vc_column][\/vc_row]<\/p>\n","protected":false},"author":1,"featured_media":0,"parent":0,"menu_order":0,"comment_status":"closed","ping_status":"closed","template":"","meta":{"content-type":"","footnotes":""},"class_list":["post-218","page","type-page","status-publish","hentry"],"acf":[],"yoast_head":"<!-- This site is optimized with the Yoast SEO plugin v21.4 - https:\/\/yoast.com\/wordpress\/plugins\/seo\/ -->\n<title>Ponuka parkovania - Rezidencia Ekel<\/title>\n<meta name=\"robots\" content=\"index, follow, max-snippet:-1, max-image-preview:large, max-video-preview:-1\" \/>\n<link rel=\"canonical\" href=\"https:\/\/www.rezidenciaekel.sk\/index.php\/ponuka-parkovania\/\" \/>\n<meta property=\"og:locale\" content=\"sk_SK\" \/>\n<meta property=\"og:type\" content=\"article\" \/>\n<meta property=\"og:title\" content=\"Ponuka parkovania - Rezidencia Ekel\" \/>\n<meta property=\"og:description\" content=\"[vc_row full_width=&#8220;stretch_row_content&#8220;][vc_column][vc_column_text][\/vc_column_text][\/vc_column][\/vc_row][vc_row full_width=&#8220;stretch_row&#8220; gap=&#8220;35&#8243;][vc_column][vc_column_text][\/vc_column_text][\/vc_column][\/vc_row][vc_row full_width=&#8220;stretch_row&#8220; gap=&#8220;35&#8243; content_placement=&#8220;middle&#8220; css=&#8220;.vc_custom_1697139369909{background-color: #869aa5 !important;}&#8220;][vc_column width=&#8220;1\/4&#8243;][\/vc_column][vc_column width=&#8220;1\/4&#8243;][vc_empty_space height=&#8220;100&#8243;][vc_single_image image=&#8220;2212&#8243; img_size=&#8220;medium&#8220; alignment=&#8220;center&#8220;][vc_column_text] MAKL\u00c9R PREDAJA PROJEKTU &nbsp; Mgr. Katar\u00edna Szab\u00f3ov\u00e1 info@bfreality.sk tel.: +421 948 623 651 [\/vc_column_text][vc_empty_space height=&#8220;100&#8243;][\/vc_column][vc_column width=&#8220;1\/4&#8243;][vc_empty_space height=&#8220;100&#8243;][vc_single_image image=&#8220;1730&#8243; img_size=&#8220;medium&#8220; alignment=&#8220;center&#8220;][vc_empty_space height=&#8220;100&#8243;][\/vc_column][vc_column width=&#8220;1\/4&#8243;][\/vc_column][\/vc_row]\" \/>\n<meta property=\"og:url\" content=\"https:\/\/www.rezidenciaekel.sk\/index.php\/ponuka-parkovania\/\" \/>\n<meta property=\"og:site_name\" content=\"Rezidencia Ekel\" \/>\n<meta property=\"article:modified_time\" content=\"2026-02-18T09:45:22+00:00\" \/>\n<meta name=\"twitter:card\" content=\"summary_large_image\" \/>\n<meta name=\"twitter:label1\" content=\"Predpokladan\u00fd \u010das \u010d\u00edtania\" \/>\n\t<meta name=\"twitter:data1\" content=\"1 min\u00fata\" \/>\n<script type=\"application\/ld+json\" class=\"yoast-schema-graph\">{\"@context\":\"https:\/\/schema.org\",\"@graph\":[{\"@type\":\"WebPage\",\"@id\":\"https:\/\/www.rezidenciaekel.sk\/index.php\/ponuka-parkovania\/\",\"url\":\"https:\/\/www.rezidenciaekel.sk\/index.php\/ponuka-parkovania\/\",\"name\":\"Ponuka parkovania - Rezidencia Ekel\",\"isPartOf\":{\"@id\":\"https:\/\/www.rezidenciaekel.sk\/#website\"},\"datePublished\":\"2022-12-20T09:32:19+00:00\",\"dateModified\":\"2026-02-18T09:45:22+00:00\",\"breadcrumb\":{\"@id\":\"https:\/\/www.rezidenciaekel.sk\/index.php\/ponuka-parkovania\/#breadcrumb\"},\"inLanguage\":\"sk-SK\",\"potentialAction\":[{\"@type\":\"ReadAction\",\"target\":[\"https:\/\/www.rezidenciaekel.sk\/index.php\/ponuka-parkovania\/\"]}]},{\"@type\":\"BreadcrumbList\",\"@id\":\"https:\/\/www.rezidenciaekel.sk\/index.php\/ponuka-parkovania\/#breadcrumb\",\"itemListElement\":[{\"@type\":\"ListItem\",\"position\":1,\"name\":\"Home\",\"item\":\"https:\/\/www.rezidenciaekel.sk\/\"},{\"@type\":\"ListItem\",\"position\":2,\"name\":\"Ponuka parkovania\"}]},{\"@type\":\"WebSite\",\"@id\":\"https:\/\/www.rezidenciaekel.sk\/#website\",\"url\":\"https:\/\/www.rezidenciaekel.sk\/\",\"name\":\"Rezidencia Ekel\",\"description\":\"\",\"potentialAction\":[{\"@type\":\"SearchAction\",\"target\":{\"@type\":\"EntryPoint\",\"urlTemplate\":\"https:\/\/www.rezidenciaekel.sk\/?s={search_term_string}\"},\"query-input\":\"required name=search_term_string\"}],\"inLanguage\":\"sk-SK\"}]}<\/script>\n<!-- \/ Yoast SEO plugin. -->","yoast_head_json":{"title":"Ponuka parkovania - Rezidencia Ekel","robots":{"index":"index","follow":"follow","max-snippet":"max-snippet:-1","max-image-preview":"max-image-preview:large","max-video-preview":"max-video-preview:-1"},"canonical":"https:\/\/www.rezidenciaekel.sk\/index.php\/ponuka-parkovania\/","og_locale":"sk_SK","og_type":"article","og_title":"Ponuka parkovania - Rezidencia Ekel","og_description":"[vc_row full_width=&#8220;stretch_row_content&#8220;][vc_column][vc_column_text][\/vc_column_text][\/vc_column][\/vc_row][vc_row full_width=&#8220;stretch_row&#8220; gap=&#8220;35&#8243;][vc_column][vc_column_text][\/vc_column_text][\/vc_column][\/vc_row][vc_row full_width=&#8220;stretch_row&#8220; gap=&#8220;35&#8243; content_placement=&#8220;middle&#8220; css=&#8220;.vc_custom_1697139369909{background-color: #869aa5 !important;}&#8220;][vc_column width=&#8220;1\/4&#8243;][\/vc_column][vc_column width=&#8220;1\/4&#8243;][vc_empty_space height=&#8220;100&#8243;][vc_single_image image=&#8220;2212&#8243; img_size=&#8220;medium&#8220; alignment=&#8220;center&#8220;][vc_column_text] MAKL\u00c9R PREDAJA PROJEKTU &nbsp; Mgr. Katar\u00edna Szab\u00f3ov\u00e1 info@bfreality.sk tel.: +421 948 623 651 [\/vc_column_text][vc_empty_space height=&#8220;100&#8243;][\/vc_column][vc_column width=&#8220;1\/4&#8243;][vc_empty_space height=&#8220;100&#8243;][vc_single_image image=&#8220;1730&#8243; img_size=&#8220;medium&#8220; alignment=&#8220;center&#8220;][vc_empty_space height=&#8220;100&#8243;][\/vc_column][vc_column width=&#8220;1\/4&#8243;][\/vc_column][\/vc_row]","og_url":"https:\/\/www.rezidenciaekel.sk\/index.php\/ponuka-parkovania\/","og_site_name":"Rezidencia Ekel","article_modified_time":"2026-02-18T09:45:22+00:00","twitter_card":"summary_large_image","twitter_misc":{"Predpokladan\u00fd \u010das \u010d\u00edtania":"1 min\u00fata"},"schema":{"@context":"https:\/\/schema.org","@graph":[{"@type":"WebPage","@id":"https:\/\/www.rezidenciaekel.sk\/index.php\/ponuka-parkovania\/","url":"https:\/\/www.rezidenciaekel.sk\/index.php\/ponuka-parkovania\/","name":"Ponuka parkovania - Rezidencia Ekel","isPartOf":{"@id":"https:\/\/www.rezidenciaekel.sk\/#website"},"datePublished":"2022-12-20T09:32:19+00:00","dateModified":"2026-02-18T09:45:22+00:00","breadcrumb":{"@id":"https:\/\/www.rezidenciaekel.sk\/index.php\/ponuka-parkovania\/#breadcrumb"},"inLanguage":"sk-SK","potentialAction":[{"@type":"ReadAction","target":["https:\/\/www.rezidenciaekel.sk\/index.php\/ponuka-parkovania\/"]}]},{"@type":"BreadcrumbList","@id":"https:\/\/www.rezidenciaekel.sk\/index.php\/ponuka-parkovania\/#breadcrumb","itemListElement":[{"@type":"ListItem","position":1,"name":"Home","item":"https:\/\/www.rezidenciaekel.sk\/"},{"@type":"ListItem","position":2,"name":"Ponuka parkovania"}]},{"@type":"WebSite","@id":"https:\/\/www.rezidenciaekel.sk\/#website","url":"https:\/\/www.rezidenciaekel.sk\/","name":"Rezidencia Ekel","description":"","potentialAction":[{"@type":"SearchAction","target":{"@type":"EntryPoint","urlTemplate":"https:\/\/www.rezidenciaekel.sk\/?s={search_term_string}"},"query-input":"required name=search_term_string"}],"inLanguage":"sk-SK"}]}},"_links":{"self":[{"href":"https:\/\/www.rezidenciaekel.sk\/index.php\/wp-json\/wp\/v2\/pages\/218","targetHints":{"allow":["GET"]}}],"collection":[{"href":"https:\/\/www.rezidenciaekel.sk\/index.php\/wp-json\/wp\/v2\/pages"}],"about":[{"href":"https:\/\/www.rezidenciaekel.sk\/index.php\/wp-json\/wp\/v2\/types\/page"}],"author":[{"embeddable":true,"href":"https:\/\/www.rezidenciaekel.sk\/index.php\/wp-json\/wp\/v2\/users\/1"}],"replies":[{"embeddable":true,"href":"https:\/\/www.rezidenciaekel.sk\/index.php\/wp-json\/wp\/v2\/comments?post=218"}],"version-history":[{"count":44,"href":"https:\/\/www.rezidenciaekel.sk\/index.php\/wp-json\/wp\/v2\/pages\/218\/revisions"}],"predecessor-version":[{"id":2279,"href":"https:\/\/www.rezidenciaekel.sk\/index.php\/wp-json\/wp\/v2\/pages\/218\/revisions\/2279"}],"wp:attachment":[{"href":"https:\/\/www.rezidenciaekel.sk\/index.php\/wp-json\/wp\/v2\/media?parent=218"}],"curies":[{"name":"wp","href":"https:\/\/api.w.org\/{rel}","templated":true}]}}